irst derivative of 5*h**2/2 + 2*h + 1. Let x = 45 - 56. Let p(a) = 26*a + 11. Let t(r) = x*d(r) + 2*p(r). Give t(-1).
3
Suppose -4*a = -n - 0*n + 9, -2*a - 18 = -2*n. Let b(h) = h**3 - 9*h**2 - 2*h - 2. Determine b(n).
-20
Let q = -82 - -77. Let h(f) = 4*f + 3. What is h(q)?
-17
Let q be (-3)/(-9) - 50/(-30). Let g(p) = 2*p - 4. Calculate g(q).
0
Let t(s) be the third derivative of s**7/1260 + s**6/720 - s**5/24 + 5*s**4/12 - 2*s**2. Let f(o) be the second derivative of t(o). Calculate f(-4).
23
Suppose -2*i + 8 = -2*y, -i = -3*y - 2*i + 4. Let l(k) be the third derivative of 0*k + 1/8*k**4 - 1/6*k**3 + y + 5*k**2 - 1/20*k**5 + 1/120*k**6. Give l(3).
8
Suppose 2*f = 2 + 4. Let c(l) = 3*l**2 + 3*l + 6. Let b(u) = 4*u**2 + 3*u + 7. Let s = 8 - 3. Let r(w) = s*c(w) - 4*b(w). Give r(f).
2
Let l be 4/(-4)*(-4)/8. Let q(b) be the first derivative of 5*b - 2 + l*b**2. Calculate q(0).
5
Let k(z) = -2*z + 5. Let m be (-2)/(-21) - (-498)/63. Calculate k(m).
-11
Let t(n) = 1453 - 3*n - 2*n - 1472 + 2*n**2 - n**2. Let k be t(8). Let x(f) be the first derivative of f**3/3 - 2*f**2 + 2*f - 1. Give x(k).
7
Let m(o) = -46*o + 50*o - 27 - 10. Calculate m(9).
-1
Let z(s) = -3*s - 8. Suppose -3*u - 19 = 4*x, 2*x + 2*u - 1 = -3*u. What is z(x)?
13
Let b(l) = -12 - 6*l + 4*l**2 - 7 - 5 - l**3 - 10 + 35. Calculate b(4).
-23
Let a(p) = 4*p**3 + 2*p**2 - 2*p + 1. Suppose -n + 2*u + 3 + 2 = 0, 2*n - 6 = 2*u. Let h be a(n). Suppose h*j = -0*j. Let g(q) = q - 9. Determine g(j).
-9
Let v = 31 + -27. Let c(g) = 3 - v*g + 3*g - 7. Calculate c(5).
-9
Let r(s) = s**2 + 12*s + 11. Let z = 143 + -154. Calculate r(z).
0
Let o(c) = -5*c**3 - 31*c**2 - 9*c - 8. Let u(i) = i**3 + 8*i**2 + 2*i + 2. Let r = 2 - -7. Let f(g) = r*u(g) + 2*o(g). Give f(10).
2
Suppose 0 = 3*m + 1 - 16. Let j(g) = -8*g - 15. Let s(f) = -f. Let i(o) = j(o) - 5*s(o). Let h(w) = -2*w - 8. Let r(l) = 5*h(l) - 3*i(l). Give r(m).
0
Let w(p) be the second derivative of -p**5/30 - 5*p**4/24 + p**3/3 - 47*p**2/2 + 8*p. Let r(m) be the first derivative of w(m). Calculate r(-4).
-10
Let l(z) = z + 1. Let a(s) be the second derivative of -s**4/12 - 5*s**3/6 + 3*s**2 + s. Suppose 3*g = -2*v - 28, -8 = 5*g - 2*v + 12. Let f be a(g). Give l(f).
1
Let n be 10*-4*1/(-10). Let s(h) be the second derivative of h**4/12 - h**3/3 - h**2 + 14*h. Give s(n).
6
Let z = -41 + 43. Let i(j) = -4*j**2 + j + 5 - j + 5*j**z + 4*j. Give i(-4).
5
Let z(p) = -p**2 + 2*p + 35. Let f be z(-5). Let j(x) = -x - 15. Calculate j(f).
-15
Let r(g) = 12*g**3 - 3*g**2 + 12. Let v(o) = 17*o**3 - 5*o**2 - o + 18. Let s(q) = 7*r(q) - 5*v(q). Give s(5).
-6
Let h(m) be the second derivative of m**5/20 + m**4/4 - m**3/3 + 2*m**2 - 11*m. Let x be 3*(-8)/6*1. Determine h(x).
-4
Suppose 11*t + 11 + 77 = 0. Let w(r) = -r**2 - 5*r + 19. Let i be w(t). Let q(k) = k**2 + 5*k - 2. What is q(i)?
-2
Let x(c) = 5*c**3 - 22*c - c**2 - 26*c + 72*c - 25*c. Suppose 5*a + 3 = i, -3*i = 5*a + 8 + 3. Determine x(a).
-5
Let q(y) = y + 2. Let p = -29 - -16. Let j = p - -9. Let f(x) = -x - 4. Let w be f(j). Determine q(w).
2
Let d(k) = 2*k + 8. Suppose 7*h + 20 = 12*h. Suppose -2*b + h*p + 52 = 0, -12 = 4*b - 4*p - 100. Let r = b + -24. Give d(r).
-4
Let l(n) = n**3 - 6*n + 16*n - 4*n**2 + 7 - 7*n**2 + 0. Calculate l(10).
7
Let m(s) = s**3 + 6*s**2 + 2*s - 1. Let p(t) = -t**3 - 7*t**2 - 3*t + 1. Let y(j) = 4*m(j) + 3*p(j). Give y(-2).
5
Let c(z) = 7*z**3 - 2*z**2 - 10*z - 23. Let q(l) = 20*l**3 - 7*l**2 - 29*l - 67. Let a(k) = -17*c(k) + 6*q(k). What is a(9)?
34
Let z(n) = 6*n - 2. Let s = 8 - -8. Suppose -4*f + s = 0, -5*g + 3*g + 14 = 2*f. Give z(g).
16
Suppose 2*y = 3*y - m, y - 2*m - 1 = 0. Let v be 1 + y + 4*4/8. Let f(c) be the third derivative of -c**4/6 + c**3/3 + c**2. Determine f(v).
-6
Let v(a) = 7 + 13 - 36 + a - 2*a + 8. What is v(11)?
-19
Suppose -4 = 11*n + 51. Let l(p) = 2*p**2 + 8*p - 15. Let a be l(n). Let w(j) = -j**2 - 6*j - 4. Calculate w(a).
1
Let p(s) = s**3 - s**2 + s + 5. Let z = 5 + -7. Let d be (1/(-2))/(z/8). Suppose -3*y = 2*t - 0 - 2, -3*y + 2*t - d = 0. Calculate p(y).
5
Let l = -2421 + 2416. Let d(h) = -h**3 - 4*h - h - 4*h**2 - 2*h**2 - 6. What is d(l)?
-6
Let z(q) = q**2 - 2*q - 1. Let f be z(-1). Let c(m) = -m**3 - 8*m**2 + 11*m**f + 6*m + 4 - 8*m**2. Suppose -3*b + 4*n - 11 = -1, -2*b + 3*n = 6. Determine c(b).
4
Let i(r) = r - 1 - 16*r**2 + 8*r**2 + 6*r + r**3 + 2. Determine i(6).
-29
Let y(s) = -1 + 0*s**2 - 131*s + s**2 - 5*s**3 + 133*s - s**2. Calculate y(1).
-4
Let m be 44/165 - 658/105. Let d(l) = 6*l**2 + 12 - 2*l**3 - 4 + 3*l**3 - l. What is d(m)?
14
Let u(b) = b**2 - b - 1. Let y be (-6)/(-21) - 19/(-7). Let l be -5*((-46)/90 + 2/18). Suppose -y*h + 2*v - 8 = -l*h, -4*h = 4*v - 4. Give u(h).
5
Let o = 65 - 63. Let a(p) = -2*p**3 + 6*p**3 + 2*p**2 + p - 4*p**2 + 0*p**o. Calculate a(1).
3
Suppose -3*d + 7 - 31 = 0. Let o(u) = -3*u - 7. Let r be o(d). Let k(y) = 17 - r + 6*y. What is k(-1)?
-6
Let b(k) = -8*k - 19. Let r(a) = -a**2 - 11*a - 8. Let s be r(-11). Let u be b(s). Let z be -5*1*(-27)/u. Let p(f) = 3*f + 4. What is p(z)?
13
Let p(l) be the third derivative of l**7/840 - l**6/60 + l**5/40 - 3*l**4/8 + l**3/6 + 9*l**2. Let o(m) be the first derivative of p(m). Calculate o(6).
9
Let u(k) be the third derivative of -7*k**4/12 - k**3 + 477*k**2. Determine u(3).
-48
Let x(s) = 15*s - 2. Let p(c) = -13*c + 2. Let y(a) = 6*p(a) + 5*x(a). Calculate y(-6).
20
Let o(i) = -i**2 + 32*i. Let a be o(32). Let g(x) = -x - 8. Calculate g(a).
-8
Let y(v) = 3*v**2 - 4*v - 12. Let x(s) = -s**2 + 3*s + 6. Let b(d) = 5*x(d) + 2*y(d). Give b(-6).
0
Let m(u) = -3*u**2 + 16*u. Let p(c) = -c**2 + 5*c. Let j(s) = -2*m(s) + 7*p(s). Let v be 12*(-2 - 7/(-3)). What is j(v)?
-4
Let o(w) = -w**3 - 5*w**2 + 6*w + 3. Let j = -1 - -5. Let c(i) = i**3 + 4*i**2 + 4*i + 4. Let l be c(-4). Let f be 78/l - (-2)/j. What is o(f)?
3
Let s(v) = -v**3 - 3*v**2 - 2*v - 1. Let b(c) = 3*c**3 + 16*c**2 + 13*c + 4. Let x(h) = b(h) + 4*s(h). Let w = 5 + 0. What is x(w)?
0
Let m = 47 - 48. Let i(x) = -3*x + 1. Let w(c) = -c + 1. Let f(n) = m*i(n) + 2*w(n). Give f(3).
4
Let d(x) = x + 8*x**2 - 11*x**2 + 13*x**2. What is d(1)?
11
Let h(k) be the second derivative of -k**4/12 + 5*k**3/6 - 3*k**2/2 + k - 292. Calculate h(4).
1
Let n(r) = -9*r**2 + 5*r**3 - 11*r**3 - 10*r - 9 + 5*r**3. Determine n(-8).
7
Let s(f) = 2*f + 7. Suppose -12*o + 55 = -o. Calculate s(o).
17
Let n(o) = o**3 + 2. Let c be 14/(-4) + 9/6. Let v be n(c). Let b(s) = 13 - 2 - 3 + 3*s - 1. Determine b(v).
-11
Let x(w) be the third derivative of 1/24*w**4 - 4*w**2 - 1/6*w**3 + 0*w - 1/30*w**5 + 0. Determine x(2).
-7
Let f(t) = -6*t**2 + 2*t**3 - 2 - 2*t + 3*t**2 - t**3. Let k(v) be the third derivative of -v**5/60 - v**4/4 - 2*v**3/3 + 9*v**2. Let r be k(-4). Give f(r).
6
Let p = -187 - -180. Let t(l) = l**2 + 10*l + 2. Give t(p).
-19
Let w(x) = -8*x**2 - 95*x + 4. Let h be w(-12). Let r(o) = o**3 + 8*o**2 - 2*o - 7. What is r(h)?
9
Let c(r) be the second derivative of -r**5/30 - r**4/8 - r**3/2 + 15*r**2/2 + 3*r. Let i(k) be the first derivative of c(k). Suppose -6 = 4*g + 6. What is i(g)?
-12
Suppose 0 = 13*v - 24 - 15. Suppose -d + v = -j - 4, -4*j = 8. Let u(f) = -f**3 + 4*f**2 + 7*f - 1. Give u(d).
9
Let w(q) = 11*q - 8. Let n be 6/10 - 1458/(-270). What is w(n)?
58
Let m(k) = 39*k**3 + 10*k - 81*k**3 + 41*k**3 + 1 - 12*k**2 + 6*k**2. What is m(-8)?
49
Let o(u) = 0*u - 1230 + 1230 + u. Determine o(-9).
-9
Suppose -31*r + 2 = -30*r. Let y(v) = 86*v**2 - 169*v**2 + 4*v + 84*v**r. Determine y(-4).
0
Let o(i) = -i**2 - 2*i. Suppose -2*p = -p - 39. Let n = p - 43. Calculate o(n).
-8
Let w(r) = 5*r - 4*r + 2*r + r**2. Suppose -d - 1 = 2. Determine w(d).
0
Let s(p) = p**2 + 4*p - 11. Let r(l) = -l**3 + 4*l**2 + 18*l + 26. Let y be r(7). What is s(y)?
34
Let i(y) = -5*y - 7. Let u(c) = 9*c + 15. Let q(j) = 5*i(j) + 3*u(j). Calculate q(-4).
2
Let k(r) = r**3 - 2*r**2 + r - 4. Suppose 3*q + 2*w - 4 = 4*w, -3*w + 7 = 2*q. Suppose 0 = -n + q*n - 3. What is k(n)?
8
Let u(z) = -5 + 11 + 27*z + 5 + z**3 + 9*z**2 - 16*z. Calculate u(-8).
-13
Suppose 3*w + 3*n = -9, -4*w - 10 = -n - 3. Let d(l) = 7*l + 1. Calculate d(w).
-13
Let h(i) = i**3 - 5*i**2 + 5*i - 2. Suppose -4*s = -5*c - 14 - 2, s - 2*c = 4. What is h(s)?
2
L